18).
-42
Let n(p) = -p - 28. Calculate n(-26).
-2
Let z(i) = i**2 - 2*i + 2. Give z(3).
5
Let y(l) = -5*l - 85. Determine y(-19).
10
Let g(d) = -2*d**2 - 19*d - 1. Give g(-9).
8
Let a(h) = -7*h - 85. Give a(-12).
-1
Let r(j) = j**3 - 8*j**2 + 5*j - 8. Give r(6).
-50
Let o(i) = 5*i**2 - 28*i - 6. What is o(5)?
-21
Let d(j) = -j**2 - j + 40. Calculate d(8).
-32
Let b(w) = -7*w - 53. Calculate b(-17).
66
Let h(v) = -2*v**2 - 33*v + 115. Calculate h(-19).
20
Let s(w) = -w**2 + 2*w - 7. Determine s(3).
-10
Let w(h) = 2*h**2 + 3*h - 5. Give w(-4).
15
Let c(g) = g**3 + 6*g**2 - 6*g + 6. Give c(-7).
-1
Let w(z) = -z**3 + 3*z**2 + 17*z + 9. What is w(6)?
3
Let b(s) = -s**3 - 10*s**2 - 7*s + 4. Calculate b(-10).
74
Let w(z) = 4*z + 3. Determine w(5).
23
Let t(d) = 3*d - 1. Determine t(-4).
-13
Let c(m) = -m**2 + 10*m + 84. Give c(15).
9
Let b(d) = -3*d - 4. Give b(9).
-31
Let f(m) = -m + 12. Give f(4).
8
Let g(j) = -j**2 - 10*j + 14. Give g(-12).
-10
Let b(j) = j**2 + j - 32. What is b(0)?
-32
Let j(h) = 5*h - 4. What is j(-6)?
-34
Let l(z) = -z**3 - 7*z**2 - z + 7. Determine l(-6).
-23
Let d(u) = -11*u + 2. Determine d(-2).
24
Let h(z) = -z**2 - z + 7. What is h(-2)?
5
Let l(k) = -3*k**3 - 4*k**2 - 3*k - 2. Calculate l(-2).
12
Let b(l) = 33*l - 105. Determine b(3).
-6
Let j(c) = c**3 - 7*c**2 + 16*c - 126. Determine j(7).
-14
Let h(u) = -3*u**2 - 18*u - 7. Give h(-6).
-7
Let x(m) = 12*m - 3. Calculate x(-2).
-27
Let r(o) = -5*o + 30. Give r(6).
0
Let w(a) = 40*a + 291. Determine w(-7).
11
Let h(w) = 2*w**2 + 24*w - 28. What is h(-13)?
-2
Let m(y) = 4*y - 3. Determine m(11).
41
Let a(y) = y**3 + 14*y**2 + 6*y - 57. Give a(-13).
34
Let p(c) = -c**3 + 16*c**2 + 16*c + 34. Determine p(17).
17
Let y(a) = -a**3 + 7*a**2 + 9*a + 4. What is y(8)?
12
Let f(n) = -10*n**2 + 5*n - 3. Calculate f(-3).
-108
Let i(b) = b**3 - 4*b**2 + 10*b - 44. Give i(4).
-4
Let h(v) = 2*v - 3. Calculate h(0).
-3
Let v(a) = a**3 + 7*a**2 + 2*a + 22. Give v(-7).
8
Let v(s) = s**2 + 9*s + 9. Give v(-6).
-9
Let u(t) = 12*t + 11. Give u(0).
11
Let b(q) = q**3 - 6*q**2 - 8*q + 14. What is b(6)?
-34
Let f(x) = -x**3 + 24*x**2 - 44*x + 13. Give f(22).
13
Let a(k) = -k**3 - 11*k**2 - k - 6. Give a(-11).
5
Let y(c) = -c**2 + 75*c + 408. Calculate y(80).
8
Let x(d) = -d**2 - 7*d + 69. Determine x(5).
9
Let h(p) = p**2 - 3*p - 131. What is h(13)?
-1
Let t(r) = -3*r + 55. Calculate t(21).
-8
Let m(r) = -r**2 + 6*r - 7. Calculate m(8).
-23
Let v(f) = -6*f - 146. Give v(-24).
-2
Let i(r) = r + 25. Determine i(-15).
10
Let l(r) = 2*r - 36. Calculate l(11).
-14
Let m(x) = 3*x**3 - 22*x**2 + x + 16. Calculate m(7).
-26
Let i(h) = -h**3 + 2*h**2 - 2. What is i(3)?
-11
Let h(l) = l**2 - 8*l - 148. Determine h(16).
-20
Let n(x) = 3*x + 27. Calculate n(-12).
-9
Let l(p) = -2*p**3 + 9*p**2 + 2*p + 6. Give l(5).
-9
Let z(r) = -r**3 + 8*r**2 - r - 5. Give z(5).
65
Let l(f) = 2*f**2 - 91*f + 129. Calculate l(44).
-3
Let u(g) = -g**2 + 13*g - 1. Calculate u(15).
-31
Let p(z) = 12*z + 99. Calculate p(-9).
-9
Let f(q) = -q + 23. Determine f(9).
14
Let t(w) = w + 7. Determine t(5).
12
Let z(q) = -10*q - 54. Give z(-6).
6
Let r(m) = -m**2 + 12*m - 18. What is r(9)?
9
Let m(k) = k**3 - 7*k**2 - 6*k + 41. What is m(8)?
57
Let s(r) = 28*r - 59. What is s(-2)?
-115
Let i(q) = 2*q + 11. Give i(-11).
-11
Let k(p) = 2*p**3 - 95*p**2 - 50*p + 108. Give k(48).
12
Let y(s) = -s**3 + 13*s**2 - 21*s - 24. Calculate y(11).
-13
Let z(g) = g**3 - 6*g**2 - g + 4. Give z(6).
-2
Let z(a) = 2*a**2 - 5*a + 9. What is z(6)?
51
Let f(j) = 8*j**3 + 2*j**2 - 3*j - 4. What is f(-1)?
-7
Let y(q) = -q + 34. What is y(32)?
2
Let i(q) = q**2 + 15*q + 30. Calculate i(-12).
-6
Let q(w) = -74*w - 282. Give q(-4).
14
Let r(a) = -a**2 - 3*a - 17. Give r(-6).
-35
Let o(s) = s**2 - 9*s + 7. Determine o(8).
-1
Let u(s) = -s**2 + 2*s + 18. Give u(6).
-6
Let a(d) = -2*d**3 - 14*d**2 + 38*d + 17. What is a(-9)?
-1
Let c(a) = a**3 + 2*a**2 - 3*a + 2. What is c(-3)?
2
Let i(x) = -x**2 - 7*x - 4. Give i(7).
-102
Let v(a) = -2*a - 9. What is v(4)?
-17
Let i(c) = -2*c**2 - 8*c - 9. Calculate i(-4).
-9
Let k(r) = 5*r**2 - 21*r + 9. Calculate k(4).
5
Let g(z) = -z**3 + 24*z**2 - 61*z - 39. Determine g(21).
3
Let q(o) = o**3 + 22*o**2 + 40*o + 16. Determine q(-20).
16
Let i(p) = p**3 + 9*p**2 + 10*p - 8. Calculate i(-7).
20
Let q(i) = 34*i + 8. Calculate q(-2).
-60
Let m(v) = v**2 + 6*v - 34. Determine m(-9).
-7
Let g(f) = f**2 + 11*f - 9. What is g(-10)?
-19
Let q(v) = -5*v**2 + 15*v - 1. What is q(3)?
-1
Let j(o) = 34*o + 485. What is j(-14)?
9
Let f(p) = -p. Calculate f(-3).
3
Let r(n) = 15*n - 1. Determine r(-1).
-16
Let m(f) = -f**2 - 3*f + 24. Determine m(-7).
-4
Let m(b) = -b**2 + 24*b - 45. What is m(22)?
-1
Let r(k) = 2*k**2 + 15*k + 8. Give r(-7).
1
Let z(t) = t**3 + 5*t**2 + t + 7. Determine z(-5).
2
Let u(r) = 3*r - 9. Calculate u(-4).
-21
Let s(u) = 33*u + 6. Calculate s(-1).
-27
Let t(r) = 105*r + 6. Calculate t(-1).
-99
Let u(p) = -p**3 + p**2 + 2*p + 2. What is u(5)?
-88
Let f(m) = 86*m**2 - 2*m + 1. Give f(1).
85
Let h(g) = -8*g**2 + 5*g - 5. What is h(1)?
-8
Let r(k) = -3*k - 18. What is r(-5)?
-3
Let r(h) = 17*h**2 + 3*h - 2. What is r(1)?
18
Let l(x) = 2*x + 2. Calculate l(7).
16
Let b(s) = -76*s - 159. What is b(-2)?
-7
Let c(q) = -q**3 - 10*q**2 + 10*q + 24. Determine c(-11).
35
Let h(m) = -13*m - 93. Give h(-8).
11
Let z(c) = 7*c + 10. Calculate z(-9).
-53
Let y(a) = 6*a - 75. Determine y(14).
9
Let h(n) = -6*n - 10. What is h(-7)?
32
Let f(j) = -3*j - 17. Determine f(-6).
1
Let j(f) = f + 21. Give j(-30).
-9
Let m(a) = -a**2 + 10*a + 16. Give m(-7).
-103
Let o(i) = -i + 14. Calculate o(3).
11
Let x(i) = 7*i**2 + 3. What is x(2)?
31
Let j(q) = -q**3 + 12*q**2 + 14*q - 9. What is j(13)?
4
Let w(s) = s**3 + 9*s**2 - 99*s - 891. Determine w(-9).
0
Let m(t) = -5*t - 11. Determine m(-3).
4
Let t(m) = m - 2. Determine t(-3).
-5
Let v(u) = u**3 - 15*u**2 + 13*u + 20. Determine v(14).
6
Let i(s) = 3*s - 20. Give i(-6).
-38
Let x(v) = -3*v - 84. Calculate x(-27).
-3
Let p(f) = f**3 + f**2 - 3*f + 3. Calculate p(-3).
-6
Let b(y) = -14*y + 309. Give b(22).
1
Let a(d) = -3*d**3 - 7*d**2 + d - 1. Give a(-3).
14
Let l(w) = w**2 + 19*w - 14. What is l(-10)?
-104
Let y(j) = -11*j - 14. Give y(-1).
-3
Let r(v) = -v**3 + 9*v**2 + 11*v + 31. Determine r(10).
41
Let d(u) = u**2 - 7*u - 2. Give d(8).
6
Let l(x) = x**2 - 15*x + 27. Determine l(12).
-9
Let l(n) = -n**3 + 10*n**2 - 9*n - 13. Give l(9).
-13
Let a(i) = 22*i - 3. What is a(0)?
-3
Let x(s) = s**3 + 8*s**2 - 10*s - 3. Determine x(-9).
6
Let n(o) = -o - 82. Determine n(-5).
-77
Let h(n) = -5*n + 13. Calculate h(-6).
43
Let x(y) = y**2 + 3*y + 3. Determine x(3).
21
Let q(f) = -f + 8. What is q(5)?
3
Let z(l) = -27*l + 1. Calculate z(-3).
82
Let p(n) = -n**3 - 3*n**2 + 84*n - 40. Determine p(-11).
4
Let h(s) = -s**3 - 2*s**2 + 2*s - 5. Calculate h(-4).
19
Let x(d) = d**2 - 5*d. Give x(3).
-6
Let w(n) = 16*n + 90. What is w(-10)?
-70
Let z(a) = -a**3 - 3*a**2 + 6*a + 5. Calculate z(-4).
-3
Let n(f) = f**3 - 7*f**2 + 5*f + 12. Give n(6).
6
Let i(b) = -b + 26. Determine i(7).
19
Let g(k) = 64*k + 9. Give g(1).
73
Let w(o) = 10*o + 396. Give w(-40).
-4
Let l(h) = h**3 - 43*h**2 + 78*h + 163. Give l(41).
-1
Let z(v) = v**3 + 2*v**2 - 3*v - 3. Give z(-2).
3
Let f(u) = u - 16. What is f(3)?
-13
Let g(z) = z**2 + 16*z + 52. Calculate g(-5).
-3
Let l(j) = j**3 - 7*j**2 - 9*j - 6. Calculate l(8).
-14
Let k(s) = s**3 + 9*s**2 + 8*s + 9. Determine k(-8).
9
Let q(j) = 3*j - 57. What is q(-13)?
-96
Let g(z) = 3*z**2 + 2*z + 14. What is g(5)?
99
Let k(i) = -i - 16. Determine k(-9).
-7
Let g(t) = -9*t - 50. What is g(-7)?
13
Let d(i) = -2*i**2 - 12*i + 27. Determine d(-8).
-5
Let p(a) = -a**2 - 6*a - 3. Calculate p(-5).
2
Let o(z) = -3*z + 13. Give o(6).
-5
Let c(a) = -a - 29. Calculate c(0).
-29
Let k(h) = 2*h + 6. Calculate k(-6).
-6
Let s(m) = -m**3 + 7*m**2 + 4*m + 3. Determine s(7).
31
Let z(p) = p**2 + 23*p - 11. What is z(-21)?
-53
Let f(j) = 2*j**3 + j**2 + 4*j + 4. Give f(-1).
-1
Let y(w) = 9*w**3 - 2*w**2 - 2*w - 1. What is y(-1)?
-10
Let x(q) = 20*q + 367. Calculate x(-19).
-13
Let m(y) = y**3 + 4*y**2 - 10*y + 5. Calculate m(-5).
30
Let z(g) = -g**3 + g**2 + 35. Calculate z(0).
35
Let a(y) = 30*y - 5